emainder when 4248 is divided by 284.
272
What is the remainder when 254019 is divided by 62?
5
What is the remainder when 9855 is divided by 219?
0
What is the remainder when 61786 is divided by 106?
94
What is the remainder when 13593 is divided by 1303?
563
What is the remainder when 488962 is divided by 244477?
8
What is the remainder when 94086 is divided by 369?
360
What is the remainder when 748 is divided by 156?
124
Calculate the remainder when 6245 is divided by 167.
66
Calculate the remainder when 8233 is divided by 2643.
304
What is the remainder when 20930 is divided by 5215?
70
What is the remainder when 10285 is divided by 83?
76
Calculate the remainder when 77991 is divided by 363.
309
Calculate the remainder when 6286 is divided by 1847.
745
Calculate the remainder when 904 is divided by 192.
136
What is the remainder when 202646 is divided by 146?
144
What is the remainder when 2799 is divided by 2603?
196
Calculate the remainder when 15733 is divided by 130.
3
What is the remainder when 1753 is divided by 662?
429
What is the remainder when 12480 is divided by 50?
30
Calculate the remainder when 10643 is divided by 1517.
24
What is the remainder when 8565 is divided by 63?
60
What is the remainder when 5431 is divided by 417?
10
What is the remainder when 349110 is divided by 371?
370
What is the remainder when 4712 is divided by 1557?
41
What is the remainder when 51549 is divided by 8568?
141
Calculate the remainder when 6778 is divided by 814.
266
Calculate the remainder when 8409 is divided by 251.
126
What is the remainder when 20222 is divided by 48?
14
What is the remainder when 27263 is divided by 8924?
491
What is the remainder when 2789 is divided by 9?
8
Calculate the remainder when 4233 is divided by 703.
15
Calculate the remainder when 26591 is divided by 26590.
1
Calculate the remainder when 778 is divided by 699.
79
Calculate the remainder when 18435 is divided by 256.
3
What is the remainder when 1991856 is divided by 551?
542
What is the remainder when 2929 is divided by 2803?
126
Calculate the remainder when 108465 is divided by 54221.
23
What is the remainder when 4901 is divided by 4881?
20
What is the remainder when 1938 is divided by 52?
14
What is the remainder when 191656 is divided by 63852?
100
Calculate the remainder when 3985 is divided by 1541.
903
What is the remainder when 1304 is divided by 48?
8
What is the remainder when 20501 is divided by 1206?
1205
What is the remainder when 57242 is divided by 242?
130
What is the remainder when 196942 is divided by 44?
42
What is the remainder when 3041 is divided by 13?
12
What is the remainder when 821488 is divided by 695?
693
What is the remainder when 9371 is divided by 3108?
47
What is the remainder when 5790 is divided by 1778?
456
Calculate the remainder when 1828 is divided by 274.
184
What is the remainder when 16500 is divided by 8227?
46
Calculate the remainder when 464 is divided by 127.
83
What is the remainder when 1423 is divided by 176?
15
What is the remainder when 15284 is divided by 7412?
460
Calculate the remainder when 47928 is divided by 106.
16
Calculate the remainder when 7047 is divided by 704.
7
What is the remainder when 5089 is divided by 14?
7
What is the remainder when 1401928 is divided by 370?
368
Calculate the remainder when 3768 is divided by 833.
436
Calculate the remainder when 9218 is divided by 369.
362
What is the remainder when 79432 is divided by 1891?
10
Calculate the remainder when 2246 is divided by 166.
88
Calculate the remainder when 15915 is divided by 1768.
3
What is the remainder when 26927 is divided by 355?
302
Calculate the remainder when 20933 is divided by 20927.
6
Calculate the remainder when 80286 is divided by 446.
6
Calculate the remainder when 5563 is divided by 169.
155
Calculate the remainder when 74862 is divided by 382.
372
What is the remainder when 8234 is divided by 8180?
54
Calculate the remainder when 214024 is divided by 75.
49
What is the remainder when 357738 is divided by 31?
29
Calculate the remainder when 1139 is divided by 222.
29
What is the remainder when 36165 is divided by 18079?
7
Calculate the remainder when 64956 is divided by 10820.
36
Calculate the remainder when 130026 is divided by 110.
6
What is the remainder when 55590 is divided by 27792?
6
What is the remainder when 11038 is divided by 2587?
690
What is the remainder when 6886 is divided by 255?
1
What is the remainder when 18670 is divided by 15?
10
Calculate the remainder when 260 is divided by 190.
70
What is the remainder when 103162 is divided by 17?
6
What is the remainder when 17260 is divided by 4312?
12
Calculate the remainder when 15607 is divided by 284.
271
Calculate the remainder when 7469 is divided by 7149.
320
Calculate the remainder when 44393 is divided by 147.
146
Calculate the remainder when 7640 is divided by 254.
20
What is the remainder when 3381 is divided by 189?
168
What is the remainder when 52490 is divided by 6558?
26
Calculate the remainder when 6806 is divided by 3397.
12
What is the remainder when 1210179 is divided by 202?
199
What is the remainder when 33438 is divided by 40?
38
What is the remainder when 9519 is divided by 209?
114
What is the remainder when 20476 is divided by 10233?
10
What is the remainder when 21656 is divided by 7092?
380
What is the remainder when 217880 is divided by 1159?
1147
What is the remainder when 857676 is divided by 779?
776
Calculate the remainder when 1609 is divided by 747.
115
What is the remainder when 95149 is divided by 21?
19
What is the remainder when 47597 is divided by 340?
337
Calculate the remainder when 62798 is divided by 80.
78
Calculate the remainder when 3863 is divided by 349.
24
Calculate the remainder when 703 is divided by 98.
17
Calculate the remainder when 178606 is divided by 30.
16
What is the remainder when 411 is divided by 141?
129
Calculate the remainder when 523292 is divided by 261644.
4
Calculate the remainder when 282678 is divided by 49.
46
Calculate the remainder when 431944 is divided by 114.
112
What is the remainder when 58766 is divided by 19?
18
Calculate the remainder when 5208 is divided by 174.
162
What is the remainder when 876601 is divided by 741?
739
Calculate the remainder when 77811 is divided by 4.
3
What is the remainder when 226463 is divided by 1317?
1256
Calculate the remainder when 5246 is divided by 251.
226
What is the remainder when 30148 is divided by 30146?
2
What is the remainder when 10314 is divided by 59?
48
What is the remainder when 433 is divided by 87?
85
What is the remainder when 10489 is divided by 300?
289
Calculate the remainder when 3743 is divided by 23.
17
What is the remainder when 11584215 is divided by 14?
13
Calculate the remainder when 244733 is divided by 67.
49
What is the remainder when 10694 is divided by 113?
72
Calculate the remainder when 33990 is divided by 4245.
30
Calculate the remainder when 33141 is divided by 146.
145
Calculate the remainder when 25161 is divided by 131.
9
Calculate the remainder when 2099069 is divided by 184.
181
Calculate the remainder when 345719 is divided by 172.
171
What is the remainder when 28374 is divided by 481?
476
Calculate the remainder when 1369045 is divided by 31.
23
Calculate the remainder when 1346 is divided by 42.
2
What is the remainder when 2096 is divided by 5?
1
Calculate the remainder when 242734 is divided by 26.
24
Calculate the remainder when 243503 is divided by 81164.
11
What is the remainder when 83718 is divided by 973?
40
Calculate the remainder when 2197862 is divided by 1069.
1067
Calculate the remainder when 1490 is divided by 1490.
0
Calculate the remainder when 4273 is divided by 852.
13
Calculate the remainder when 1684 is divided by 1605.
79
What is the remainder when 1432471 is divided by 191?
162
What is the remainder when 4271 is divided by 130?
111
What is the remainder when 5978 is divided by 419?
112
Calculate the remainder when 9232 is divided by 4562.
108
What is the remainder when 69185 is divided by 13?
12
What is the remainder when 193733 is divided by 687?
686
Calculate the remainder when 8958 is divided by 256.
254
What is the remainder when 6405 is divided by 3198?
9
What is th